= 3*b + 1. Let t be n(2). Suppose t*x - 3*x = 0. Suppose 5*z - o - o = 81, x = -5*z + 3*o + 84. What is the tens digit of z?
1
Suppose 8*x + 1107 = 4067. What is the units digit of x?
0
Let x = -13 - -23. Let c be x/8*-3*-16. Suppose -3*l + l = -c. What is the tens digit of l?
3
Let g = 210 - -12. Suppose n + 94 + g = -2*y, -n = -2*y - 308. What is the units digit of 2/(-4 + (-632)/y)?
9
Let m(k) = -2*k + 15. Suppose 6*u + 3*c = 2*u - 9, c = -4*u - 19. Let h(p) = -p + 8. Let s(b) = u*m(b) + 13*h(b). What is the tens digit of s(0)?
1
Suppose 0 = -14*y + 13353 + 3251. What is the units digit of y?
6
What is the hundreds digit of -115*(14/7 - 5)?
3
Let v(d) = -4*d**3 - 4*d**2 + 11*d - 4. Let t(j) = j**3 + j**2 - j. Let z(i) = -5*t(i) - v(i). What is the tens digit of z(-4)?
7
What is the hundreds digit of 1201/2 + 38/(-76)?
6
Let b = 27 - 27. What is the units digit of 364/3 - (b + (-6)/(-18))?
1
Let o be 12/(-9)*(-12)/(-8). Let k = o - -28. What is the tens digit of k?
2
Let a(g) = g**2 + 6*g - 3. Let l(n) = 2*n**2 + 13*n - 7. Let s(b) = 7*a(b) - 3*l(b). Let k be (-4)/12 + 17/(-3). What is the tens digit of s(k)?
1
Let h(j) = j**2 + 14*j - 6. Let q(y) = -y - 1. Suppose -4*k + 5*k + 5 = 0. Let p(v) = k*q(v) - h(v). What is the units digit of p(-8)?
9
Let u(j) = -j**2 + 5*j. Let z = -10 + 15. Suppose -4*v + 2*m = -20, -z*v = -10*v + 5*m + 30. What is the units digit of u(v)?
4
Let a(w) = 2*w**2 + 13*w - 48. What is the units digit of a(-21)?
1
What is the units digit of 556/9 - 14/(-63)?
2
Let s = -38 + 18. Let a = s + 23. Suppose -149 = -4*c + o, a*o + 93 = 3*c - 30. What is the tens digit of c?
3
What is the tens digit of (0 + -4 + 6)*24741/18?
4
Suppose a + 395 = 4*b, 4*b + 13*a = 9*a + 400. What is the units digit of b?
9
Let u = 78 - 42. What is the tens digit of (882/u)/((-1)/(-2))?
4
Let o(d) = -58*d + 161. What is the hundreds digit of o(-4)?
3
Let b = 12 + -13. What is the tens digit of 4*-59*b + 1?
3
Let g = 524 + 298. What is the units digit of g?
2
Let q = 5 + 4. Suppose -14*y + q = -11*y. Suppose k - 14 = y*r, 5*k + 0*r = -2*r + 87. What is the tens digit of k?
1
Let z(l) = 458*l**2 - 50*l + 102. What is the units digit of z(2)?
4
Let b(v) = 417*v - 7. What is the units digit of b(1)?
0
Let o = -3026 - -8552. What is the thousands digit of o?
5
Let y be ((2 - 3) + 5)/(12/1182). Suppose 9*d - y = 596. What is the hundreds digit of d?
1
Let h(c) = -c**3 - 12*c**2 - 15*c - 7. Suppose 0 = 3*a + a + 40. Let z be h(a). What is the tens digit of (13/(-13))/(1/z)?
5
Let c(s) = 4*s - 2. Let o(z) = 5*z - 2. Let t(p) = 3*c(p) - 2*o(p). Let d be t(6). Suppose 2*w - 4*i - 64 = d, -5*w + 172 = 3*i. What is the units digit of w?
5
Let f be 2/(-5) + (-44)/(-10). Suppose 4*i = -4*p + 244, 2*i + 145 = -f*p + 389. What is the tens digit of p?
6
Let f be 68/(-18) + (-18)/81. Let b = f + 81. Let w = b + -33. What is the tens digit of w?
4
Let v(y) = -30*y + 291. What is the tens digit of v(-48)?
3
Suppose -12*x = -10*x + 18. What is the tens digit of 12/18 - 228/x?
2
Let s = 5 - -2. Suppose -s*q = -91 - 322. What is the tens digit of q?
5
Let b(o) be the second derivative of -5*o + 0 - 11/2*o**2 - 5/6*o**3. What is the tens digit of b(-12)?
4
Let r(t) = 10*t - 71. What is the units digit of r(14)?
9
Let k be 80/14 + (-4)/(-14). Let u be (30 + 0)*10/k. Suppose 0 = -5*o + u + 35. What is the tens digit of o?
1
Suppose q = -10*c + 7*c + 8295, -5*c - 4*q = -13825. What is the hundreds digit of c?
7
Suppose -17*f - 2*f + 152 = 0. Suppose -2954 = -6*r - f*r. What is the hundreds digit of r?
2
What is the tens digit of ((-1463)/1)/((-14)/(70/5))?
6
Suppose -9*a + 38*a = 29145. What is the units digit of a?
5
Let f = -667 - -1607. What is the tens digit of f?
4
Let o be 30*1 + 1 + -3. Suppose -6*h + o = -26. What is the units digit of h?
9
Let u = -49 - -105. Let y = u - 33. What is the tens digit of y?
2
Suppose -67*q + 66*q - 29 = 0. Let b = 34 - 47. Let l = b - q. What is the units digit of l?
6
Suppose 0 = -0*u + 4*u + 196. Let t be (-260)/6*36/(-15). Let a = u + t. What is the tens digit of a?
5
Suppose 471 - 103 = 2*g. What is the tens digit of g?
8
Suppose 11*f - 312 = -3*c + 6*f, 2*c = -2*f + 212. What is the hundreds digit of c?
1
What is the hundreds digit of (-18 + 17)/(1*1/(-347))?
3
Suppose 4*p + o + 2*o - 13 = 0, 5*o - 7 = -3*p. Suppose 0*q - p*q + 4 = b, -4 = 2*b + 4*q. What is the units digit of (72/(-18))/(1/b)?
2
Suppose 6*a + 10 = a + 2*j, a - 15 = -3*j. Suppose -h + 6*h - 265 = a. What is the tens digit of h?
5
Suppose 4*d = -n - 20, -3*n + d + 4 = -3*d. Let h be (2 + 0)*(-106)/n. Suppose -j + h = 3*t, -6*j + 2*j + 68 = 4*t. What is the units digit of t?
8
Let p(x) = 12*x + 6 + 0*x - x - 5*x + 2*x**2. What is the tens digit of p(-6)?
4
Let w(t) = t**2 - t - 15. Let q(h) = h - 1. Let g(p) = -q(p) - w(p). Let v be g(11). Let r = -44 - v. What is the units digit of r?
1
Suppose 2*r - 129 - 249 = 0. What is the tens digit of r?
8
Suppose -9*c + 3677 = -1138. What is the tens digit of c?
3
Suppose 11 - 32 = -3*o. Let l(k) = -k**3 + 10*k**2 - 17*k + 10. Let y be l(o). Suppose 2*w - y = -0*w. What is the units digit of w?
9
Suppose 4450 + 62162 = 42*q. What is the thousands digit of q?
1
Let p(c) = 4*c + 28. Let h be p(-6). Suppose -4*s + 924 = 3*u, -h*s + u + u + 924 = 0. What is the units digit of s?
1
Let d = -79 - -92. Suppose d*w = 16*w - 150. What is the units digit of w?
0
Let m = -2 - -8. Let o(l) be the first derivative of -l**4/4 + 5*l**3/3 + 5*l**2 - 9*l - 65. What is the units digit of o(m)?
5
Let t(y) = -y**2 + 67. Let x be t(7). Suppose v - 4*v = -x. What is the units digit of v?
6
Let n(t) = -12*t**2 - 7*t + 13. Let y(u) = 6*u**2 + 4*u - 7. Let j(i) = -6*n(i) - 11*y(i). What is the units digit of j(-2)?
7
What is the hundreds digit of ((-18)/4)/(180/(-50640))?
2
Let b = -3265 + 5313. What is the tens digit of b?
4
Let g = -153 - -280. Let b = g - 18. What is the tens digit of b?
0
Suppose 0 = -0*w + 3*w + 477. Let m = -112 - w. What is the tens digit of m?
4
Suppose 15 = -2*n + 7*n. What is the units digit of (81/(-27))/(n/(-65))?
5
Let v = 119 + -120. What is the hundreds digit of (2893/(-22))/(v/2)?
2
Suppose -n = -3*n. Suppose 4*p - 2*p - 8 = n. Suppose 0 = -2*o - 2*o + p, -r + o = -30. What is the units digit of r?
1
Let n be (5 - 1)*(-54)/8. Let g be 1356/n + (-14)/(-63). Let p = 100 + g. What is the units digit of p?
0
Let d = -39 - -44. Suppose d*m - 170 = -2*b, 213 = 4*b - 4*m - 99. What is the tens digit of b?
8
Let w = -6 + 3. Let y(q) = -2*q + 2. Let n be y(w). What is the tens digit of (23/(-4))/((-2)/n)?
2
Let b(x) = -16*x + 18. Let m(p) = -p**2 + p - 2. Let c be m(-3). Let k be b(c). Suppose 0 = 3*f - k + 89. What is the units digit of f?
1
Suppose 0 = 8*z - 11*z + 438. Suppose z = 2*w - 2*f, 3*f = -3*w - 2*f + 243. What is the units digit of w?
6
Let s be (-5042)/4*((-24)/(-8) - 5). Suppose -7*z + s - 428 = 0. What is the tens digit of z?
9
Suppose 601 + 2329 = 10*i. Let v = -148 + i. What is the hundreds digit of v?
1
What is the units digit of (16284/21)/((-28)/(-98))?
4
Let v(m) = -84*m**3 - m**2 + 5*m + 7. What is the hundreds digit of v(-2)?
6
Let z(w) = -w + 2. Let k be z(-4). Suppose -2*x - o = 26, 0 = k*x - 5*x - 3*o + 6. What is the units digit of x/16 - 246/(-8)?
0
Let m(r) = -r**3 + 10*r**2 - 5*r - 12. Let b be m(8). Suppose 81*x - 430 = b*x. What is the tens digit of x?
8
Let y be ((-1)/(1/83))/(2/(-6)). Suppose 0 = -3*a, 3*g = -3*a + y + 45. What is the tens digit of g?
9
Let m(i) = -7*i + 14*i + 2*i**2 - 7 - 10*i. What is the units digit of m(4)?
3
Let w(s) = -s**3 - 6*s**2 + 5*s - 7. Suppose -2*q = 2*q. Let z be 21/(-3) + 0 + q. What is the units digit of w(z)?
7
Suppose 0*j = -4*j + 16. Suppose 0 = c - 6. Suppose -q = -j*q + c. What is the units digit of q?
2
Let z = 52 + -77. Let b = z - -30. Let j(x) = x**3 - 5*x**2 + 2*x - 4. What is the units digit of j(b)?
6
What is the tens digit of 2958*(-16)/(-144)*(1 - -2)?
8
Let h be 2/3*(-9)/(-6). Let m(a) = 6*a - 3. Let j be m(h). Suppose -j*l + 65 = -73. What is the units digit of l?
6
Let v(d) = 15*d**3 + 3*d**2 + 9*d. What is the tens digit of v(5)?
9
Let b be 2*-3*10/20. Let r(t) = -3*t**3 - 26*t**2 - 9*t - 12. Let c(f) = -f**3 - 9*f**2 - 3*f - 4. Let